{"id":10946,"date":"2024-07-24T07:08:02","date_gmt":"2024-07-24T06:08:02","guid":{"rendered":"https:\/\/www.hendrikbloem.de\/?page_id=10946"},"modified":"2024-08-27T10:10:37","modified_gmt":"2024-08-27T09:10:37","slug":"10946-2","status":"publish","type":"page","link":"https:\/\/www.hendrikbloem.de\/?page_id=10946","title":{"rendered":""},"content":{"rendered":"<p><strong>Eisenbahn-Romantik \u201eFilm zum Bild\u201c<\/strong><br \/>\n<strong>Ein Dienst des Eisenbahn-Romantik-Magazins<\/strong><\/p>\n<p>ER 4\/2024 | <strong>Hei\u00dfbl\u00fctiger Big Boy: Von der Pazifikk\u00fcste gen Osten unterwegs<\/strong><\/p>\n<p><img loading=\"lazy\" decoding=\"async\" class=\"alignnone wp-image-10984 size-full\" src=\"https:\/\/www.hendrikbloem.de\/wp-content\/uploads\/2024\/08\/Introbild_Hendrik-Bloem_ER4-2024_19Juli2024.jpg\" alt=\"\" width=\"1204\" height=\"804\" srcset=\"https:\/\/www.hendrikbloem.de\/wp-content\/uploads\/2024\/08\/Introbild_Hendrik-Bloem_ER4-2024_19Juli2024.jpg 1204w, https:\/\/www.hendrikbloem.de\/wp-content\/uploads\/2024\/08\/Introbild_Hendrik-Bloem_ER4-2024_19Juli2024-300x200.jpg 300w, https:\/\/www.hendrikbloem.de\/wp-content\/uploads\/2024\/08\/Introbild_Hendrik-Bloem_ER4-2024_19Juli2024-1024x684.jpg 1024w, https:\/\/www.hendrikbloem.de\/wp-content\/uploads\/2024\/08\/Introbild_Hendrik-Bloem_ER4-2024_19Juli2024-768x513.jpg 768w, https:\/\/www.hendrikbloem.de\/wp-content\/uploads\/2024\/08\/Introbild_Hendrik-Bloem_ER4-2024_19Juli2024-449x300.jpg 449w\" sizes=\"auto, (max-width: 1204px) 100vw, 1204px\" \/><\/p>\n<p>F\u00fcr diesen Bericht finden Sie passend zu den Bildern die passenden Filmclips.<br \/>\nViel Spa\u00df, Ihr Hendrik Bloem (Hg. Eisenbahn-Romantik).<\/p>\n<p><img loading=\"lazy\" decoding=\"async\" class=\"alignnone wp-image-10972 size-full\" src=\"https:\/\/www.hendrikbloem.de\/wp-content\/uploads\/2024\/08\/00_Film-04_Titel_Hendrik-Bloem_Fuer-ER-4-2024_1August2024_DSC00646a.jpg\" alt=\"\" width=\"1024\" height=\"1184\" srcset=\"https:\/\/www.hendrikbloem.de\/wp-content\/uploads\/2024\/08\/00_Film-04_Titel_Hendrik-Bloem_Fuer-ER-4-2024_1August2024_DSC00646a.jpg 1024w, https:\/\/www.hendrikbloem.de\/wp-content\/uploads\/2024\/08\/00_Film-04_Titel_Hendrik-Bloem_Fuer-ER-4-2024_1August2024_DSC00646a-259x300.jpg 259w, https:\/\/www.hendrikbloem.de\/wp-content\/uploads\/2024\/08\/00_Film-04_Titel_Hendrik-Bloem_Fuer-ER-4-2024_1August2024_DSC00646a-886x1024.jpg 886w, https:\/\/www.hendrikbloem.de\/wp-content\/uploads\/2024\/08\/00_Film-04_Titel_Hendrik-Bloem_Fuer-ER-4-2024_1August2024_DSC00646a-768x888.jpg 768w\" sizes=\"auto, (max-width: 1024px) 100vw, 1024px\" \/><\/p>\n<p>&nbsp;<\/p>\n<div style=\"width: 584px;\" class=\"wp-video\"><!--[if lt IE 9]><script>document.createElement('video');<\/script><![endif]-->\n<video class=\"wp-video-shortcode\" id=\"video-10946-1\" width=\"584\" height=\"263\" preload=\"metadata\" controls=\"controls\"><source type=\"video\/mp4\" src=\"https:\/\/www.hendrikbloem.de\/wp-content\/uploads\/2024\/08\/04_Big%20Boy_Yuba%20Pass_20240714_162237.mp4?_=1\" \/><a href=\"https:\/\/www.hendrikbloem.de\/wp-content\/uploads\/2024\/08\/04_Big%20Boy_Yuba%20Pass_20240714_162237.mp4\">https:\/\/www.hendrikbloem.de\/wp-content\/uploads\/2024\/08\/04_Big%20Boy_Yuba%20Pass_20240714_162237.mp4<\/a><\/video><\/div>\n<p>&nbsp;<\/p>\n<p>&nbsp;<\/p>\n<p>&nbsp;<\/p>\n<p>&nbsp;<\/p>\n<p>&nbsp;<\/p>\n<p><img loading=\"lazy\" decoding=\"async\" class=\"alignnone wp-image-10974 size-full\" src=\"https:\/\/www.hendrikbloem.de\/wp-content\/uploads\/2024\/08\/02_Film-07_Hendrik-Bloem_ER4-2024_19Juli2024_DSC00774.jpg\" alt=\"\" width=\"1920\" height=\"1133\" srcset=\"https:\/\/www.hendrikbloem.de\/wp-content\/uploads\/2024\/08\/02_Film-07_Hendrik-Bloem_ER4-2024_19Juli2024_DSC00774.jpg 1920w, https:\/\/www.hendrikbloem.de\/wp-content\/uploads\/2024\/08\/02_Film-07_Hendrik-Bloem_ER4-2024_19Juli2024_DSC00774-300x177.jpg 300w, https:\/\/www.hendrikbloem.de\/wp-content\/uploads\/2024\/08\/02_Film-07_Hendrik-Bloem_ER4-2024_19Juli2024_DSC00774-1024x604.jpg 1024w, https:\/\/www.hendrikbloem.de\/wp-content\/uploads\/2024\/08\/02_Film-07_Hendrik-Bloem_ER4-2024_19Juli2024_DSC00774-768x453.jpg 768w, https:\/\/www.hendrikbloem.de\/wp-content\/uploads\/2024\/08\/02_Film-07_Hendrik-Bloem_ER4-2024_19Juli2024_DSC00774-1536x906.jpg 1536w, https:\/\/www.hendrikbloem.de\/wp-content\/uploads\/2024\/08\/02_Film-07_Hendrik-Bloem_ER4-2024_19Juli2024_DSC00774-500x295.jpg 500w\" sizes=\"auto, (max-width: 1920px) 100vw, 1920px\" \/><\/p>\n<div style=\"width: 584px;\" class=\"wp-video\"><video class=\"wp-video-shortcode\" id=\"video-10946-2\" width=\"584\" height=\"263\" preload=\"metadata\" controls=\"controls\"><source type=\"video\/mp4\" src=\"https:\/\/www.hendrikbloem.de\/wp-content\/uploads\/2024\/08\/07_Big%20Boy_W\u00fcste_20240716_122608.mp4?_=2\" \/><a href=\"https:\/\/www.hendrikbloem.de\/wp-content\/uploads\/2024\/08\/07_Big%20Boy_W\u00fcste_20240716_122608.mp4\">https:\/\/www.hendrikbloem.de\/wp-content\/uploads\/2024\/08\/07_Big%20Boy_W\u00fcste_20240716_122608.mp4<\/a><\/video><\/div>\n<p>&nbsp;<\/p>\n<p>&nbsp;<\/p>\n<p>&nbsp;<\/p>\n<p>&nbsp;<\/p>\n<p>&nbsp;<\/p>\n<p><img loading=\"lazy\" decoding=\"async\" class=\"alignnone wp-image-10975 size-full\" src=\"https:\/\/www.hendrikbloem.de\/wp-content\/uploads\/2024\/08\/05_Film-08_Hendrik-Bloem_ER4-2024_19Juli2024_DSC00799.jpg\" alt=\"\" width=\"1920\" height=\"1280\" srcset=\"https:\/\/www.hendrikbloem.de\/wp-content\/uploads\/2024\/08\/05_Film-08_Hendrik-Bloem_ER4-2024_19Juli2024_DSC00799.jpg 1920w, https:\/\/www.hendrikbloem.de\/wp-content\/uploads\/2024\/08\/05_Film-08_Hendrik-Bloem_ER4-2024_19Juli2024_DSC00799-300x200.jpg 300w, https:\/\/www.hendrikbloem.de\/wp-content\/uploads\/2024\/08\/05_Film-08_Hendrik-Bloem_ER4-2024_19Juli2024_DSC00799-1024x683.jpg 1024w, https:\/\/www.hendrikbloem.de\/wp-content\/uploads\/2024\/08\/05_Film-08_Hendrik-Bloem_ER4-2024_19Juli2024_DSC00799-768x512.jpg 768w, https:\/\/www.hendrikbloem.de\/wp-content\/uploads\/2024\/08\/05_Film-08_Hendrik-Bloem_ER4-2024_19Juli2024_DSC00799-1536x1024.jpg 1536w, https:\/\/www.hendrikbloem.de\/wp-content\/uploads\/2024\/08\/05_Film-08_Hendrik-Bloem_ER4-2024_19Juli2024_DSC00799-450x300.jpg 450w\" sizes=\"auto, (max-width: 1920px) 100vw, 1920px\" \/><\/p>\n<div style=\"width: 584px;\" class=\"wp-video\"><video class=\"wp-video-shortcode\" id=\"video-10946-3\" width=\"584\" height=\"263\" preload=\"metadata\" controls=\"controls\"><source type=\"video\/mp4\" src=\"https:\/\/www.hendrikbloem.de\/wp-content\/uploads\/2024\/08\/08_Big%20Boy_Vor%20Imlay_20240716_144058.mp4?_=3\" \/><a href=\"https:\/\/www.hendrikbloem.de\/wp-content\/uploads\/2024\/08\/08_Big%20Boy_Vor%20Imlay_20240716_144058.mp4\">https:\/\/www.hendrikbloem.de\/wp-content\/uploads\/2024\/08\/08_Big%20Boy_Vor%20Imlay_20240716_144058.mp4<\/a><\/video><\/div>\n<p>&nbsp;<\/p>\n<p>&nbsp;<\/p>\n<p>&nbsp;<\/p>\n<p>&nbsp;<\/p>\n<p>&nbsp;<\/p>\n<p><img loading=\"lazy\" decoding=\"async\" class=\"alignnone wp-image-10976 size-full\" src=\"https:\/\/www.hendrikbloem.de\/wp-content\/uploads\/2024\/08\/06_Film-05_Hendrik-Bloem_ER4-2024_19Juli2024_DSC00674.jpg\" alt=\"\" width=\"1024\" height=\"1406\" srcset=\"https:\/\/www.hendrikbloem.de\/wp-content\/uploads\/2024\/08\/06_Film-05_Hendrik-Bloem_ER4-2024_19Juli2024_DSC00674.jpg 1024w, https:\/\/www.hendrikbloem.de\/wp-content\/uploads\/2024\/08\/06_Film-05_Hendrik-Bloem_ER4-2024_19Juli2024_DSC00674-218x300.jpg 218w, https:\/\/www.hendrikbloem.de\/wp-content\/uploads\/2024\/08\/06_Film-05_Hendrik-Bloem_ER4-2024_19Juli2024_DSC00674-746x1024.jpg 746w, https:\/\/www.hendrikbloem.de\/wp-content\/uploads\/2024\/08\/06_Film-05_Hendrik-Bloem_ER4-2024_19Juli2024_DSC00674-768x1055.jpg 768w\" sizes=\"auto, (max-width: 1024px) 100vw, 1024px\" \/><\/p>\n<div style=\"width: 584px;\" class=\"wp-video\"><video class=\"wp-video-shortcode\" id=\"video-10946-4\" width=\"584\" height=\"263\" preload=\"metadata\" controls=\"controls\"><source type=\"video\/mp4\" src=\"https:\/\/www.hendrikbloem.de\/wp-content\/uploads\/2024\/08\/05_Big%20Boy_Denner%20Pass_20240714_171024.mp4?_=4\" \/><a href=\"https:\/\/www.hendrikbloem.de\/wp-content\/uploads\/2024\/08\/05_Big%20Boy_Denner%20Pass_20240714_171024.mp4\">https:\/\/www.hendrikbloem.de\/wp-content\/uploads\/2024\/08\/05_Big%20Boy_Denner%20Pass_20240714_171024.mp4<\/a><\/video><\/div>\n<p>&nbsp;<\/p>\n<p>&nbsp;<\/p>\n<p>&nbsp;<\/p>\n<p>&nbsp;<\/p>\n<p>&nbsp;<\/p>\n<p>&nbsp;<\/p>\n<p><img loading=\"lazy\" decoding=\"async\" class=\"alignnone wp-image-10977 size-full\" src=\"https:\/\/www.hendrikbloem.de\/wp-content\/uploads\/2024\/08\/09_Film-11_Hendrik-Bloem_ER4-2024_19Juli2024_DSC05563.jpg\" alt=\"\" width=\"1920\" height=\"846\" srcset=\"https:\/\/www.hendrikbloem.de\/wp-content\/uploads\/2024\/08\/09_Film-11_Hendrik-Bloem_ER4-2024_19Juli2024_DSC05563.jpg 1920w, https:\/\/www.hendrikbloem.de\/wp-content\/uploads\/2024\/08\/09_Film-11_Hendrik-Bloem_ER4-2024_19Juli2024_DSC05563-300x132.jpg 300w, https:\/\/www.hendrikbloem.de\/wp-content\/uploads\/2024\/08\/09_Film-11_Hendrik-Bloem_ER4-2024_19Juli2024_DSC05563-1024x451.jpg 1024w, https:\/\/www.hendrikbloem.de\/wp-content\/uploads\/2024\/08\/09_Film-11_Hendrik-Bloem_ER4-2024_19Juli2024_DSC05563-768x338.jpg 768w, https:\/\/www.hendrikbloem.de\/wp-content\/uploads\/2024\/08\/09_Film-11_Hendrik-Bloem_ER4-2024_19Juli2024_DSC05563-1536x677.jpg 1536w, https:\/\/www.hendrikbloem.de\/wp-content\/uploads\/2024\/08\/09_Film-11_Hendrik-Bloem_ER4-2024_19Juli2024_DSC05563-500x220.jpg 500w\" sizes=\"auto, (max-width: 1920px) 100vw, 1920px\" \/><\/p>\n<div style=\"width: 584px;\" class=\"wp-video\"><video class=\"wp-video-shortcode\" id=\"video-10946-5\" width=\"584\" height=\"263\" preload=\"metadata\" controls=\"controls\"><source type=\"video\/mp4\" src=\"https:\/\/www.hendrikbloem.de\/wp-content\/uploads\/2024\/08\/11_Big%20Boy_Vor%20Elko_20240717_140058.mp4?_=5\" \/><a href=\"https:\/\/www.hendrikbloem.de\/wp-content\/uploads\/2024\/08\/11_Big%20Boy_Vor%20Elko_20240717_140058.mp4\">https:\/\/www.hendrikbloem.de\/wp-content\/uploads\/2024\/08\/11_Big%20Boy_Vor%20Elko_20240717_140058.mp4<\/a><\/video><\/div>\n<p>&nbsp;<\/p>\n<p>&nbsp;<\/p>\n<p>&nbsp;<\/p>\n<p>&nbsp;<\/p>\n<p>&nbsp;<\/p>\n<p><img loading=\"lazy\" decoding=\"async\" class=\"alignnone wp-image-10978 size-full\" src=\"https:\/\/www.hendrikbloem.de\/wp-content\/uploads\/2024\/08\/17_Film-06_Hendrik-Bloem_ER4-2024_19Juli2024_20240714_1724590.jpg\" alt=\"\" width=\"1920\" height=\"922\" srcset=\"https:\/\/www.hendrikbloem.de\/wp-content\/uploads\/2024\/08\/17_Film-06_Hendrik-Bloem_ER4-2024_19Juli2024_20240714_1724590.jpg 1920w, https:\/\/www.hendrikbloem.de\/wp-content\/uploads\/2024\/08\/17_Film-06_Hendrik-Bloem_ER4-2024_19Juli2024_20240714_1724590-300x144.jpg 300w, https:\/\/www.hendrikbloem.de\/wp-content\/uploads\/2024\/08\/17_Film-06_Hendrik-Bloem_ER4-2024_19Juli2024_20240714_1724590-1024x492.jpg 1024w, https:\/\/www.hendrikbloem.de\/wp-content\/uploads\/2024\/08\/17_Film-06_Hendrik-Bloem_ER4-2024_19Juli2024_20240714_1724590-768x369.jpg 768w, https:\/\/www.hendrikbloem.de\/wp-content\/uploads\/2024\/08\/17_Film-06_Hendrik-Bloem_ER4-2024_19Juli2024_20240714_1724590-1536x738.jpg 1536w, https:\/\/www.hendrikbloem.de\/wp-content\/uploads\/2024\/08\/17_Film-06_Hendrik-Bloem_ER4-2024_19Juli2024_20240714_1724590-500x240.jpg 500w\" sizes=\"auto, (max-width: 1920px) 100vw, 1920px\" \/><\/p>\n<div style=\"width: 584px;\" class=\"wp-video\"><video class=\"wp-video-shortcode\" id=\"video-10946-6\" width=\"584\" height=\"263\" preload=\"metadata\" controls=\"controls\"><source type=\"video\/mp4\" src=\"https:\/\/www.hendrikbloem.de\/wp-content\/uploads\/2024\/08\/06_Big%20Boy_UP-Service-Car_20240714_172445.mp4?_=6\" \/><a href=\"https:\/\/www.hendrikbloem.de\/wp-content\/uploads\/2024\/08\/06_Big%20Boy_UP-Service-Car_20240714_172445.mp4\">https:\/\/www.hendrikbloem.de\/wp-content\/uploads\/2024\/08\/06_Big%20Boy_UP-Service-Car_20240714_172445.mp4<\/a><\/video><\/div>\n<p>&nbsp;<\/p>\n<p>&nbsp;<\/p>\n<p>&nbsp;<\/p>\n<p>&nbsp;<\/p>\n<p>&nbsp;<\/p>\n<p>&nbsp;<\/p>\n<p><img loading=\"lazy\" decoding=\"async\" class=\"alignnone wp-image-10979 size-full\" src=\"https:\/\/www.hendrikbloem.de\/wp-content\/uploads\/2024\/08\/19_Film-12_Hendrik-Bloem_ER4-2024_19Juli2024_20240717_190148.jpg\" alt=\"\" width=\"1920\" height=\"865\" srcset=\"https:\/\/www.hendrikbloem.de\/wp-content\/uploads\/2024\/08\/19_Film-12_Hendrik-Bloem_ER4-2024_19Juli2024_20240717_190148.jpg 1920w, https:\/\/www.hendrikbloem.de\/wp-content\/uploads\/2024\/08\/19_Film-12_Hendrik-Bloem_ER4-2024_19Juli2024_20240717_190148-300x135.jpg 300w, https:\/\/www.hendrikbloem.de\/wp-content\/uploads\/2024\/08\/19_Film-12_Hendrik-Bloem_ER4-2024_19Juli2024_20240717_190148-1024x461.jpg 1024w, https:\/\/www.hendrikbloem.de\/wp-content\/uploads\/2024\/08\/19_Film-12_Hendrik-Bloem_ER4-2024_19Juli2024_20240717_190148-768x346.jpg 768w, https:\/\/www.hendrikbloem.de\/wp-content\/uploads\/2024\/08\/19_Film-12_Hendrik-Bloem_ER4-2024_19Juli2024_20240717_190148-1536x692.jpg 1536w, https:\/\/www.hendrikbloem.de\/wp-content\/uploads\/2024\/08\/19_Film-12_Hendrik-Bloem_ER4-2024_19Juli2024_20240717_190148-500x225.jpg 500w\" sizes=\"auto, (max-width: 1920px) 100vw, 1920px\" \/><\/p>\n<p>(Filmbeitrag folgt)<\/p>\n<p>&nbsp;<\/p>\n<p>&nbsp;<\/p>\n<p>&nbsp;<\/p>\n<p><img loading=\"lazy\" decoding=\"async\" class=\"alignnone wp-image-10980 size-full\" src=\"https:\/\/www.hendrikbloem.de\/wp-content\/uploads\/2024\/08\/24_Film-07_Hendrik-Bloem_ER4-2024_19Juli2024_DSC05433.jpg\" alt=\"\" width=\"1920\" height=\"423\" srcset=\"https:\/\/www.hendrikbloem.de\/wp-content\/uploads\/2024\/08\/24_Film-07_Hendrik-Bloem_ER4-2024_19Juli2024_DSC05433.jpg 1920w, https:\/\/www.hendrikbloem.de\/wp-content\/uploads\/2024\/08\/24_Film-07_Hendrik-Bloem_ER4-2024_19Juli2024_DSC05433-300x66.jpg 300w, https:\/\/www.hendrikbloem.de\/wp-content\/uploads\/2024\/08\/24_Film-07_Hendrik-Bloem_ER4-2024_19Juli2024_DSC05433-1024x226.jpg 1024w, https:\/\/www.hendrikbloem.de\/wp-content\/uploads\/2024\/08\/24_Film-07_Hendrik-Bloem_ER4-2024_19Juli2024_DSC05433-768x169.jpg 768w, https:\/\/www.hendrikbloem.de\/wp-content\/uploads\/2024\/08\/24_Film-07_Hendrik-Bloem_ER4-2024_19Juli2024_DSC05433-1536x338.jpg 1536w, https:\/\/www.hendrikbloem.de\/wp-content\/uploads\/2024\/08\/24_Film-07_Hendrik-Bloem_ER4-2024_19Juli2024_DSC05433-500x110.jpg 500w\" sizes=\"auto, (max-width: 1920px) 100vw, 1920px\" \/><\/p>\n<div style=\"width: 584px;\" class=\"wp-video\"><video class=\"wp-video-shortcode\" id=\"video-10946-7\" width=\"584\" height=\"263\" preload=\"metadata\" controls=\"controls\"><source type=\"video\/mp4\" src=\"https:\/\/www.hendrikbloem.de\/wp-content\/uploads\/2024\/08\/07_Big%20Boy_W\u00fcste_20240716_122608.mp4?_=7\" \/><a href=\"https:\/\/www.hendrikbloem.de\/wp-content\/uploads\/2024\/08\/07_Big%20Boy_W\u00fcste_20240716_122608.mp4\">https:\/\/www.hendrikbloem.de\/wp-content\/uploads\/2024\/08\/07_Big%20Boy_W\u00fcste_20240716_122608.mp4<\/a><\/video><\/div>\n<p>&nbsp;<\/p>\n<p>&nbsp;<\/p>\n<p>&nbsp;<\/p>\n<p>&nbsp;<\/p>\n<p>&nbsp;<\/p>\n<p><img loading=\"lazy\" decoding=\"async\" class=\"alignnone wp-image-10981 size-full\" src=\"https:\/\/www.hendrikbloem.de\/wp-content\/uploads\/2024\/08\/27_Film-02_Hendrik-Bloem_ER4-2024_19Juli2024_DSC05120.jpg\" alt=\"\" width=\"1920\" height=\"1219\" srcset=\"https:\/\/www.hendrikbloem.de\/wp-content\/uploads\/2024\/08\/27_Film-02_Hendrik-Bloem_ER4-2024_19Juli2024_DSC05120.jpg 1920w, https:\/\/www.hendrikbloem.de\/wp-content\/uploads\/2024\/08\/27_Film-02_Hendrik-Bloem_ER4-2024_19Juli2024_DSC05120-300x190.jpg 300w, https:\/\/www.hendrikbloem.de\/wp-content\/uploads\/2024\/08\/27_Film-02_Hendrik-Bloem_ER4-2024_19Juli2024_DSC05120-1024x650.jpg 1024w, https:\/\/www.hendrikbloem.de\/wp-content\/uploads\/2024\/08\/27_Film-02_Hendrik-Bloem_ER4-2024_19Juli2024_DSC05120-768x488.jpg 768w, https:\/\/www.hendrikbloem.de\/wp-content\/uploads\/2024\/08\/27_Film-02_Hendrik-Bloem_ER4-2024_19Juli2024_DSC05120-1536x975.jpg 1536w, https:\/\/www.hendrikbloem.de\/wp-content\/uploads\/2024\/08\/27_Film-02_Hendrik-Bloem_ER4-2024_19Juli2024_DSC05120-473x300.jpg 473w\" sizes=\"auto, (max-width: 1920px) 100vw, 1920px\" \/><\/p>\n<div style=\"width: 584px;\" class=\"wp-video\"><video class=\"wp-video-shortcode\" id=\"video-10946-8\" width=\"584\" height=\"263\" preload=\"metadata\" controls=\"controls\"><source type=\"video\/mp4\" src=\"https:\/\/www.hendrikbloem.de\/wp-content\/uploads\/2024\/08\/02_Big%20Boy_bei%20Auburn_20240714_134344.mp4?_=8\" \/><a href=\"https:\/\/www.hendrikbloem.de\/wp-content\/uploads\/2024\/08\/02_Big%20Boy_bei%20Auburn_20240714_134344.mp4\">https:\/\/www.hendrikbloem.de\/wp-content\/uploads\/2024\/08\/02_Big%20Boy_bei%20Auburn_20240714_134344.mp4<\/a><\/video><\/div>\n<p>&nbsp;<\/p>\n<p>&nbsp;<\/p>\n<p>&nbsp;<\/p>\n<p>&nbsp;<\/p>\n<p>&nbsp;<\/p>\n<p><img loading=\"lazy\" decoding=\"async\" class=\"alignnone wp-image-10982 size-full\" src=\"https:\/\/www.hendrikbloem.de\/wp-content\/uploads\/2024\/08\/29_Film-04_Hendrik-Bloem_ER4-2024_19Juli2024_DSC05195.jpg\" alt=\"\" width=\"1920\" height=\"1409\" srcset=\"https:\/\/www.hendrikbloem.de\/wp-content\/uploads\/2024\/08\/29_Film-04_Hendrik-Bloem_ER4-2024_19Juli2024_DSC05195.jpg 1920w, https:\/\/www.hendrikbloem.de\/wp-content\/uploads\/2024\/08\/29_Film-04_Hendrik-Bloem_ER4-2024_19Juli2024_DSC05195-300x220.jpg 300w, https:\/\/www.hendrikbloem.de\/wp-content\/uploads\/2024\/08\/29_Film-04_Hendrik-Bloem_ER4-2024_19Juli2024_DSC05195-1024x751.jpg 1024w, https:\/\/www.hendrikbloem.de\/wp-content\/uploads\/2024\/08\/29_Film-04_Hendrik-Bloem_ER4-2024_19Juli2024_DSC05195-768x564.jpg 768w, https:\/\/www.hendrikbloem.de\/wp-content\/uploads\/2024\/08\/29_Film-04_Hendrik-Bloem_ER4-2024_19Juli2024_DSC05195-1536x1127.jpg 1536w, https:\/\/www.hendrikbloem.de\/wp-content\/uploads\/2024\/08\/29_Film-04_Hendrik-Bloem_ER4-2024_19Juli2024_DSC05195-409x300.jpg 409w\" sizes=\"auto, (max-width: 1920px) 100vw, 1920px\" \/><\/p>\n<div style=\"width: 584px;\" class=\"wp-video\"><video class=\"wp-video-shortcode\" id=\"video-10946-9\" width=\"584\" height=\"263\" preload=\"metadata\" controls=\"controls\"><source type=\"video\/mp4\" src=\"https:\/\/www.hendrikbloem.de\/wp-content\/uploads\/2024\/08\/04_Big%20Boy_Yuba%20Pass_20240714_162237.mp4?_=9\" \/><a href=\"https:\/\/www.hendrikbloem.de\/wp-content\/uploads\/2024\/08\/04_Big%20Boy_Yuba%20Pass_20240714_162237.mp4\">https:\/\/www.hendrikbloem.de\/wp-content\/uploads\/2024\/08\/04_Big%20Boy_Yuba%20Pass_20240714_162237.mp4<\/a><\/video><\/div>\n<p>&nbsp;<\/p>\n<p>&nbsp;<\/p>\n<p>&nbsp;<\/p>\n<p>&nbsp;<\/p>\n<p>&nbsp;<\/p>\n<p><img loading=\"lazy\" decoding=\"async\" class=\"alignnone wp-image-10983 size-full\" src=\"https:\/\/www.hendrikbloem.de\/wp-content\/uploads\/2024\/08\/30_Film-03_Hendrik-Bloem_ER4-2024_19Juli2024_DSC05174.jpg\" alt=\"\" width=\"1024\" height=\"1139\" srcset=\"https:\/\/www.hendrikbloem.de\/wp-content\/uploads\/2024\/08\/30_Film-03_Hendrik-Bloem_ER4-2024_19Juli2024_DSC05174.jpg 1024w, https:\/\/www.hendrikbloem.de\/wp-content\/uploads\/2024\/08\/30_Film-03_Hendrik-Bloem_ER4-2024_19Juli2024_DSC05174-270x300.jpg 270w, https:\/\/www.hendrikbloem.de\/wp-content\/uploads\/2024\/08\/30_Film-03_Hendrik-Bloem_ER4-2024_19Juli2024_DSC05174-921x1024.jpg 921w, https:\/\/www.hendrikbloem.de\/wp-content\/uploads\/2024\/08\/30_Film-03_Hendrik-Bloem_ER4-2024_19Juli2024_DSC05174-768x854.jpg 768w\" sizes=\"auto, (max-width: 1024px) 100vw, 1024px\" \/><\/p>\n<div style=\"width: 584px;\" class=\"wp-video\"><video class=\"wp-video-shortcode\" id=\"video-10946-10\" width=\"584\" height=\"263\" preload=\"metadata\" controls=\"controls\"><source type=\"video\/mp4\" src=\"https:\/\/www.hendrikbloem.de\/wp-content\/uploads\/2024\/08\/03_Big%20Boy_Steigung%20und%20Kurve_20240714_144117.mp4?_=10\" \/><a href=\"https:\/\/www.hendrikbloem.de\/wp-content\/uploads\/2024\/08\/03_Big%20Boy_Steigung%20und%20Kurve_20240714_144117.mp4\">https:\/\/www.hendrikbloem.de\/wp-content\/uploads\/2024\/08\/03_Big%20Boy_Steigung%20und%20Kurve_20240714_144117.mp4<\/a><\/video><\/div>\n<p>&nbsp;<\/p>\n<p>&nbsp;<\/p>\n<p>Oldenburg, im August 2024 | Hendrik Bloem<\/p>\n<p>&nbsp;<\/p>\n<p>&nbsp;<\/p>\n<p>&nbsp;<\/p>\n<p>&nbsp;<\/p>\n<p>&nbsp;<\/p>\n<p>&nbsp;<\/p>\n<p>&nbsp;<\/p>\n<p>&nbsp;<\/p>\n<p>&nbsp;<\/p>\n","protected":false},"excerpt":{"rendered":"<p>Eisenbahn-Romantik \u201eFilm zum Bild\u201c Ein Dienst des Eisenbahn-Romantik-Magazins ER 4\/2024 | Hei\u00dfbl\u00fctiger Big Boy: Von der Pazifikk\u00fcste gen Osten unterwegs F\u00fcr diesen Bericht finden Sie passend zu den Bildern die passenden Filmclips. Viel Spa\u00df, Ihr Hendrik Bloem (Hg. Eisenbahn-Romantik). &nbsp; &hellip; <a href=\"https:\/\/www.hendrikbloem.de\/?page_id=10946\">Continue reading <span class=\"meta-nav\">&rarr;<\/span><\/a><\/p>\n","protected":false},"author":3,"featured_media":10977,"parent":0,"menu_order":0,"comment_status":"closed","ping_status":"closed","template":"","meta":{"footnotes":""},"class_list":["post-10946","page","type-page","status-publish","has-post-thumbnail","hentry"],"_links":{"self":[{"href":"https:\/\/www.hendrikbloem.de\/index.php?rest_route=\/wp\/v2\/pages\/10946","targetHints":{"allow":["GET"]}}],"collection":[{"href":"https:\/\/www.hendrikbloem.de\/index.php?rest_route=\/wp\/v2\/pages"}],"about":[{"href":"https:\/\/www.hendrikbloem.de\/index.php?rest_route=\/wp\/v2\/types\/page"}],"author":[{"embeddable":true,"href":"https:\/\/www.hendrikbloem.de\/index.php?rest_route=\/wp\/v2\/users\/3"}],"replies":[{"embeddable":true,"href":"https:\/\/www.hendrikbloem.de\/index.php?rest_route=%2Fwp%2Fv2%2Fcomments&post=10946"}],"version-history":[{"count":14,"href":"https:\/\/www.hendrikbloem.de\/index.php?rest_route=\/wp\/v2\/pages\/10946\/revisions"}],"predecessor-version":[{"id":10985,"href":"https:\/\/www.hendrikbloem.de\/index.php?rest_route=\/wp\/v2\/pages\/10946\/revisions\/10985"}],"wp:featuredmedia":[{"embeddable":true,"href":"https:\/\/www.hendrikbloem.de\/index.php?rest_route=\/wp\/v2\/media\/10977"}],"wp:attachment":[{"href":"https:\/\/www.hendrikbloem.de\/index.php?rest_route=%2Fwp%2Fv2%2Fmedia&parent=10946"}],"curies":[{"name":"wp","href":"https:\/\/api.w.org\/{rel}","templated":true}]}}